{"id":364,"date":"2015-03-25T16:25:19","date_gmt":"2015-03-25T15:25:19","guid":{"rendered":"http:\/\/nowa.liberproarte.eu\/?page_id=364"},"modified":"2016-06-22T13:19:08","modified_gmt":"2016-06-22T11:19:08","slug":"informacje-ogolne","status":"publish","type":"page","link":"http:\/\/liberproarte.eu\/?page_id=364","title":{"rendered":"Informacje og\u00f3lne"},"content":{"rendered":"<p style=\"text-align: justify;\">Kierownik projektu: <strong>dr hab. Ma\u0142gorzata Biernacka<br \/>\nprof. Uniwersytetu Papieskiego Jana Paw\u0142a II w Krakowie<br \/>\n<\/strong><\/p>\n<p style=\"text-align: justify;\"><strong>Realizacja projektu jest finansowana przez Ministerstwo Nauki i Szkolnictwa Wy\u017cszego w ramach modu\u0142u 1.1 Narodowego Programu Rozwoju Humanistyki, nr 0048\/NPRH3\/H11\/82\/2014.<\/strong><\/p>\n<p style=\"text-align: justify;\">Projekt ma na celu stworzenie bazy danych obejmuj\u0105cej ilustracje w periodykach wydawanych na terenie Rzeczypospolitej w dwudziestoleciu mi\u0119dzywojennym. Jest to kontynuacja <em>Bibliografii ilustracji w czasopismach polskich XIX i pocz\u0105tku XX w. (do 1918 r.)<\/em>\u00a0 Ludwika Grajewskiego (Warszawa 1972), poszerzona o fotografi\u0119 artystyczn\u0105 i reporta\u017cow\u0105, dokumentuj\u0105c\u0105 \u017cycie spo\u0142eczne, polityczne i kulturalne w przedwojennej Polsce. Podstawowy zapis bibliograficzny obejmuje tytu\u0142 ilustracji lub fotografii, nazwisko jej autora, nazw\u0119 czasopisma, rok i numer oraz stron\u0119. W bazie danych znajduj\u0105 si\u0119 ponadto informacje dodatkowe: z jakiej wystawy pochodzi reprodukowane dzie\u0142o sztuki, czyj artyku\u0142 ilustruje materia\u0142 zdj\u0119ciowy, kim s\u0105 osoby widoczne na fotografii. Elektroniczna baza danych u\u0142atwi dost\u0119p do \u017ar\u00f3de\u0142 dokumentacji wizualnej historykom, historykom architektury i sztuki, teatru, muzyki i filmu, konserwatorom zabytk\u00f3w i muzealnikom, etnografom, geografom oraz wszystkim zainteresowanym dziejami Polski w wa\u017cnym okresie po odzyskaniu niepodleg\u0142o\u015bci. Nie do przecenienia jest te\u017c jej znaczenie dla bada\u0144 historii polskiej fotografii i fotografiki dwudziestolecia mi\u0119dzywojennego. Jest to przedsi\u0119wzi\u0119cie wyj\u0105tkowe; nie istniej\u0105 inne narodowe bibliografie tego typu.<\/p>\n","protected":false},"excerpt":{"rendered":"<p>Kierownik projektu: dr hab. Ma\u0142gorzata Biernacka prof. Uniwersytetu Papieskiego Jana Paw\u0142a II w Krakowie Realizacja projektu jest finansowana przez Ministerstwo Nauki i Szkolnictwa Wy\u017cszego w ramach modu\u0142u 1.1 Narodowego Programu Rozwoju Humanistyki, nr 0048\/NPRH3\/H11\/82\/2014. Projekt ma na celu stworzenie bazy danych obejmuj\u0105cej ilustracje w periodykach wydawanych na terenie Rzeczypospolitej w dwudziestoleciu mi\u0119dzywojennym. Jest to kontynuacja [&hellip;]<\/p>\n","protected":false},"author":1,"featured_media":0,"parent":0,"menu_order":0,"comment_status":"closed","ping_status":"closed","template":"","meta":{"footnotes":""},"class_list":["post-364","page","type-page","status-publish","hentry","post-preview"],"_links":{"self":[{"href":"http:\/\/liberproarte.eu\/index.php?rest_route=\/wp\/v2\/pages\/364","targetHints":{"allow":["GET"]}}],"collection":[{"href":"http:\/\/liberproarte.eu\/index.php?rest_route=\/wp\/v2\/pages"}],"about":[{"href":"http:\/\/liberproarte.eu\/index.php?rest_route=\/wp\/v2\/types\/page"}],"author":[{"embeddable":true,"href":"http:\/\/liberproarte.eu\/index.php?rest_route=\/wp\/v2\/users\/1"}],"replies":[{"embeddable":true,"href":"http:\/\/liberproarte.eu\/index.php?rest_route=%2Fwp%2Fv2%2Fcomments&post=364"}],"version-history":[{"count":2,"href":"http:\/\/liberproarte.eu\/index.php?rest_route=\/wp\/v2\/pages\/364\/revisions"}],"predecessor-version":[{"id":529,"href":"http:\/\/liberproarte.eu\/index.php?rest_route=\/wp\/v2\/pages\/364\/revisions\/529"}],"wp:attachment":[{"href":"http:\/\/liberproarte.eu\/index.php?rest_route=%2Fwp%2Fv2%2Fmedia&parent=364"}],"curies":[{"name":"wp","href":"https:\/\/api.w.org\/{rel}","templated":true}]}}

Informacje ogólne

<p style="text-align: justify;">Kierownik projektu: <strong>dr hab. Małgorzata Biernacka<br />
prof. Uniwersytetu Papieskiego Jana Pawła II w Krakowie<br />
</strong></p>
<p style="text-align: justify;"><strong>Realizacja projektu jest finansowana przez Ministerstwo Nauki i Szkolnictwa Wyższego w ramach modułu 1.1 Narodowego Programu Rozwoju Humanistyki, nr 0048/NPRH3/H11/82/2014.</strong></p>
<p style="text-align: justify;">Projekt ma na celu stworzenie bazy danych obejmującej ilustracje w periodykach wydawanych na terenie Rzeczypospolitej w dwudziestoleciu międzywojennym. Jest to kontynuacja <em>Bibliografii ilustracji w czasopismach polskich XIX i początku XX w. (do 1918 r.)</em>  Ludwika Grajewskiego (Warszawa 1972), poszerzona o fotografię artystyczną i reportażową, dokumentującą życie społeczne, polityczne i kulturalne w przedwojennej Polsce. Podstawowy zapis bibliograficzny obejmuje tytuł ilustracji lub fotografii, nazwisko jej autora, nazwę czasopisma, rok i numer oraz stronę. W bazie danych znajdują się ponadto informacje dodatkowe: z jakiej wystawy pochodzi reprodukowane dzieło sztuki, czyj artykuł ilustruje materiał zdjęciowy, kim są osoby widoczne na fotografii. Elektroniczna baza danych ułatwi dostęp do źródeł dokumentacji wizualnej historykom, historykom architektury i sztuki, teatru, muzyki i filmu, konserwatorom zabytków i muzealnikom, etnografom, geografom oraz wszystkim zainteresowanym dziejami Polski w ważnym okresie po odzyskaniu niepodległości. Nie do przecenienia jest też jej znaczenie dla badań historii polskiej fotografii i fotografiki dwudziestolecia międzywojennego. Jest to przedsięwzięcie wyjątkowe; nie istnieją inne narodowe bibliografie tego typu.</p>

<p>Kierownik projektu: dr hab. Małgorzata Biernacka prof. Uniwersytetu Papieskiego Jana Pawła II w Krakowie Realizacja projektu jest finansowana przez Ministerstwo Nauki i Szkolnictwa Wyższego w ramach modułu 1.1 Narodowego Programu Rozwoju Humanistyki, nr 0048/NPRH3/H11/82/2014. Projekt ma na celu stworzenie bazy danych obejmującej ilustracje w periodykach wydawanych na terenie Rzeczypospolitej w dwudziestoleciu międzywojennym. Jest to kontynuacja [&hellip;]</p>
