{"id":937,"date":"2024-12-19T11:11:08","date_gmt":"2024-12-19T10:11:08","guid":{"rendered":"http:\/\/liberproarte.eu\/?page_id=937"},"modified":"2026-04-09T10:32:19","modified_gmt":"2026-04-09T08:32:19","slug":"stanislaw-bochnig-fotografie","status":"publish","type":"page","link":"http:\/\/liberproarte.eu\/?page_id=937","title":{"rendered":"KPO Kultura"},"content":{"rendered":"<div align=\"justify\">\n<p>Przedsi\u0119wzi\u0119cie \u201eZabytki budownictwa drewnianego jako znaki polskich tradycji kulturowych w II Rzeczypospolitej: studia z dziej\u00f3w kultury w latach 1918-1939\u201d zrealizowano w ramach Krajowego Programu Odbudowy 2025 (jednostka wspieraj\u0105ca: Narodowy Instytut Muzyki i Ta\u0144ca).<\/p>\n<\/div>\n<table style=\"height: 75px;\" border=\"0\" width=\"900\" cellspacing=\"1\" cellpadding=\"10\" align=\"center\">\n<tbody>\n<tr>\n<td><a href=\"http:\/\/liberproarte.eu\/wp-content\/uploads\/2024\/12\/KPO_logo.jpg\" data-rel=\"lightbox-image-0\" data-rl_title=\"\" data-rl_caption=\"\" title=\"\"><img loading=\"lazy\" decoding=\"async\" class=\"aligncenter size-medium wp-image-939\" src=\"http:\/\/liberproarte.eu\/wp-content\/uploads\/2024\/12\/KPO_logo-300x134.jpg\" alt=\"\" width=\"300\" height=\"134\" srcset=\"http:\/\/liberproarte.eu\/wp-content\/uploads\/2024\/12\/KPO_logo-300x134.jpg 300w, http:\/\/liberproarte.eu\/wp-content\/uploads\/2024\/12\/KPO_logo-1024x458.jpg 1024w, http:\/\/liberproarte.eu\/wp-content\/uploads\/2024\/12\/KPO_logo-150x67.jpg 150w, http:\/\/liberproarte.eu\/wp-content\/uploads\/2024\/12\/KPO_logo-768x343.jpg 768w, http:\/\/liberproarte.eu\/wp-content\/uploads\/2024\/12\/KPO_logo-676x302.jpg 676w, http:\/\/liberproarte.eu\/wp-content\/uploads\/2024\/12\/KPO_logo.jpg 1324w\" sizes=\"auto, (max-width: 300px) 100vw, 300px\" \/><\/a><\/td>\n<td><a href=\"http:\/\/liberproarte.eu\/wp-content\/uploads\/2024\/12\/RP_logo.jpg\" data-rel=\"lightbox-image-1\" data-rl_title=\"\" data-rl_caption=\"\" title=\"\"><img loading=\"lazy\" decoding=\"async\" class=\"aligncenter size-medium wp-image-941\" src=\"http:\/\/liberproarte.eu\/wp-content\/uploads\/2024\/12\/RP_logo-300x114.jpg\" alt=\"\" width=\"300\" height=\"114\" srcset=\"http:\/\/liberproarte.eu\/wp-content\/uploads\/2024\/12\/RP_logo-300x114.jpg 300w, http:\/\/liberproarte.eu\/wp-content\/uploads\/2024\/12\/RP_logo-1024x390.jpg 1024w, http:\/\/liberproarte.eu\/wp-content\/uploads\/2024\/12\/RP_logo-150x57.jpg 150w, http:\/\/liberproarte.eu\/wp-content\/uploads\/2024\/12\/RP_logo-768x292.jpg 768w, http:\/\/liberproarte.eu\/wp-content\/uploads\/2024\/12\/RP_logo-1536x585.jpg 1536w, http:\/\/liberproarte.eu\/wp-content\/uploads\/2024\/12\/RP_logo-676x257.jpg 676w, http:\/\/liberproarte.eu\/wp-content\/uploads\/2024\/12\/RP_logo.jpg 1555w\" sizes=\"auto, (max-width: 300px) 100vw, 300px\" \/><\/a><\/td>\n<td><a href=\"http:\/\/liberproarte.eu\/wp-content\/uploads\/2024\/12\/NextGenerationEU_logo.jpg\" data-rel=\"lightbox-image-2\" data-rl_title=\"\" data-rl_caption=\"\" title=\"\"><img loading=\"lazy\" decoding=\"async\" class=\"aligncenter size-medium wp-image-940\" src=\"http:\/\/liberproarte.eu\/wp-content\/uploads\/2024\/12\/NextGenerationEU_logo-300x102.jpg\" alt=\"\" width=\"300\" height=\"102\" srcset=\"http:\/\/liberproarte.eu\/wp-content\/uploads\/2024\/12\/NextGenerationEU_logo-300x102.jpg 300w, http:\/\/liberproarte.eu\/wp-content\/uploads\/2024\/12\/NextGenerationEU_logo-1024x348.jpg 1024w, http:\/\/liberproarte.eu\/wp-content\/uploads\/2024\/12\/NextGenerationEU_logo-150x51.jpg 150w, http:\/\/liberproarte.eu\/wp-content\/uploads\/2024\/12\/NextGenerationEU_logo-768x261.jpg 768w, http:\/\/liberproarte.eu\/wp-content\/uploads\/2024\/12\/NextGenerationEU_logo-1536x522.jpg 1536w, http:\/\/liberproarte.eu\/wp-content\/uploads\/2024\/12\/NextGenerationEU_logo-676x230.jpg 676w, http:\/\/liberproarte.eu\/wp-content\/uploads\/2024\/12\/NextGenerationEU_logo.jpg 1743w\" sizes=\"auto, (max-width: 300px) 100vw, 300px\" \/><\/a><\/td>\n<\/tr>\n<\/tbody>\n<\/table>\n<p>Opracowanie dost\u0119pne <a href=\"\/wp-content\/uploads\/2026\/04\/KPO_zabytki_budownictwa_2025.pdf\">tutaj<\/a>.<br \/>\nGaleria dost\u0119pna <a href=\"https:\/\/repozytorium.ispan.pl\/dlibra\/collectiondescription\/98\">tutaj<\/a>.<\/p>\n","protected":false},"excerpt":{"rendered":"<p>Przedsi\u0119wzi\u0119cie \u201eZabytki budownictwa drewnianego jako znaki polskich tradycji kulturowych w II Rzeczypospolitej: studia z dziej\u00f3w kultury w latach 1918-1939\u201d zrealizowano w ramach Krajowego Programu Odbudowy 2025 (jednostka wspieraj\u0105ca: Narodowy Instytut Muzyki i Ta\u0144ca). Opracowanie dost\u0119pne tutaj. Galeria dost\u0119pna tutaj.<\/p>\n","protected":false},"author":1,"featured_media":0,"parent":0,"menu_order":0,"comment_status":"closed","ping_status":"closed","template":"","meta":{"footnotes":""},"class_list":["post-937","page","type-page","status-publish","hentry","post-preview"],"_links":{"self":[{"href":"http:\/\/liberproarte.eu\/index.php?rest_route=\/wp\/v2\/pages\/937","targetHints":{"allow":["GET"]}}],"collection":[{"href":"http:\/\/liberproarte.eu\/index.php?rest_route=\/wp\/v2\/pages"}],"about":[{"href":"http:\/\/liberproarte.eu\/index.php?rest_route=\/wp\/v2\/types\/page"}],"author":[{"embeddable":true,"href":"http:\/\/liberproarte.eu\/index.php?rest_route=\/wp\/v2\/users\/1"}],"replies":[{"embeddable":true,"href":"http:\/\/liberproarte.eu\/index.php?rest_route=%2Fwp%2Fv2%2Fcomments&post=937"}],"version-history":[{"count":10,"href":"http:\/\/liberproarte.eu\/index.php?rest_route=\/wp\/v2\/pages\/937\/revisions"}],"predecessor-version":[{"id":975,"href":"http:\/\/liberproarte.eu\/index.php?rest_route=\/wp\/v2\/pages\/937\/revisions\/975"}],"wp:attachment":[{"href":"http:\/\/liberproarte.eu\/index.php?rest_route=%2Fwp%2Fv2%2Fmedia&parent=937"}],"curies":[{"name":"wp","href":"https:\/\/api.w.org\/{rel}","templated":true}]}}